23?
2
What is the hundreds digit of 1525?
5
What is the thousands digit of 48567?
8
What is the units digit of 272?
2
What is the tens digit of 12129?
2
What is the units digit of 23549?
9
What is the thousands digit of 50373?
0
What is the hundred thousands digit of 158510?
1
What is the tens digit of 2504?
0
What is the ten thousands digit of 47180?
4
What is the thousands digit of 58799?
8
What is the hundreds digit of 19208?
2
What is the hundreds digit of 7515?
5
What is the hundreds digit of 6458?
4
What is the thousands digit of 76992?
6
What is the thousands digit of 47847?
7
What is the tens digit of 6894?
9
What is the thousands digit of 12494?
2
What is the ten thousands digit of 18389?
1
What is the units digit of 23011?
1
What is the thousands digit of 6654?
6
What is the tens digit of 1901?
0
What is the hundreds digit of 39348?
3
What is the tens digit of 1549?
4
What is the thousands digit of 5607?
5
What is the units digit of 1294?
4
What is the hundreds digit of 1466?
4
What is the hundreds digit of 581?
5
What is the hundreds digit of 18208?
2
What is the tens digit of 502?
0
What is the thousands digit of 49342?
9
What is the ten thousands digit of 21466?
2
What is the units digit of 1191?
1
What is the units digit of 4432?
2
What is the units digit of 35939?
9
What is the units digit of 608?
8
What is the units digit of 17638?
8
What is the units digit of 223?
3
What is the hundreds digit of 1255?
2
What is the hundreds digit of 1824?
8
What is the units digit of 54294?
4
What is the ten thousands digit of 10441?
1
What is the tens digit of 1120?
2
What is the hundreds digit of 28085?
0
What is the units digit of 14352?
2
What is the tens digit of 3754?
5
What is the hundreds digit of 6326?
3
What is the units digit of 1146?
6
What is the ten thousands digit of 48293?
4
What is the thousands digit of 6309?
6
What is the units digit of 4777?
7
What is the ten thousands digit of 31712?
3
What is the units digit of 1154?
4
What is the tens digit of 938?
3
What is the hundreds digit of 1424?
4
What is the tens digit of 55878?
7
What is the tens digit of 723?
2
What is the thousands digit of 6258?
6
What is the units digit of 1482?
2
What is the units digit of 103971?
1
What is the units digit of 2279?
9
What is the hundreds digit of 1395?
3
What is the units digit of 2942?
2
What is the hundreds digit of 7079?
0
What is the thousands digit of 4226?
4
What is the thousands digit of 8396?
8
What is the tens digit of 746?
4
What is the tens digit of 138859?
5
What is the units digit of 6299?
9
What is the tens digit of 597?
9
What is the thousands digit of 59017?
9
What is the tens digit of 4343?
4
What is the thousands digit of 19542?
9
What is the units digit of 5119?
9
What is the hundreds digit of 6381?
3
What is the units digit of 1217?
7
What is the hundreds digit of 2012?
0
What is the tens digit of 198?
9
What is the tens digit of 675?
7
What is the tens digit of 1055?
5
What is the units digit of 64406?
6
What is the units digit of 72?
2
What is the tens digit of 7326?
2
What is the hundreds digit of 4620?
6
What is the thousands digit of 82225?
2
What is the tens digit of 3893?
9
What is the thousands digit of 21478?
1
What is the thousands digit of 21098?
1
What is the units digit of 2337?
7
What is the tens digit of 359?
5
What is the tens digit of 1044?
4
What is the hundreds digit of 101231?
2
What is the hundreds digit of 1194?
1
What is the thousands digit of 107855?
7
What is the hundreds digit of 7133?
1
What is the hundreds digit of 56512?
5
What is the tens digit of 2288?
8
What is the hundreds digit of 1059?
0
What is the tens digit of 2825?
2
What is the thousands digit of 45539?
5
What is the tens digit of 158960?
6
What is the tens digit of 7925?
2
What is the hundreds digit of 3519?
5
What is the thousands digit of 2217?
2
What is the tens digit of 157?
5
What is the tens digit of 22554?
5
What is the tens digit of 92?
9
What is the tens digit of 5109?
0
What is the hundreds digit of 5509?
5
What is the tens digit of 1895?
9
What is the thousands digit of 2823?
2
What is the units digit of 131529?
9
What is the ten thousands digit of 18107?
1
What is the tens digit of 34502?
0
What is the thousands digit of 2093?
2
What is the ten thousands digit of 33095?
3
What is the units digit of 2226?
6
What is the hundreds digit of 3910?
9
What is the thousands digit of 5708?
5
What is the tens digit of 518?
1
What is the hundreds digit of 2716?
7
What is the thousands digit of 6502?
6
What is the hundreds digit of 120770?
7
What is the units digit of 1899?
9
What is the hundreds digit of 55906?
9
What is the units digit of 1268?
8
What is the tens digit of 999?
9
What is the hundreds digit of 22367?
3
What is the ten thousands digit of 30795?
3
What is the ten thousands digit of 16488?
1
What is the units digit of 1076?
6
What is the tens digit of 76015?
1
What is the tens digit of 651?
5
What is the ten thousands digit of 10881?
1
What is the hundreds digit of 2383?
3
What is the thousands digit of 4833?
4
What is the hundreds digit of 1761?
7
What is the units digit of 253?
3
What is the thousands digit of 14767?
4
What is the tens digit of 9234?
3
What is the thousands digit of 2453?
2
What is the thousands digit of 3526?
3
What is the ten thousands digit of 140336?
4
What is the thousands digit of 3554?
3
What is the units digit of 2231?
1
What is the units digit of 1161?
1
What is the thousands digit of 25865?
5
What is the hundred thousands digit of 114432?
1
What is the thousands digit of 44944?
4
What is the hundreds digit of 782?
7
What is the units digit of 64885?
5
What is the units digit of 410?
0
What is the hundreds digit of 179?
1
What is the tens digit of 18639?
3
What is the tens digit of 1767?
6
What is the tens digit of 4518?
1
What is the units digit of 4379?
9
What is the units digit of 1247?
7
What is the units digit of 17861?
1
What is the tens digit of 703?
0
What is the units digit of 5272?
2
What is the ten thousands digit of 32489?
3
What is the hundreds digit of 791?
7
What is the tens digit of 14322?
2
What is the units digit of 1533?
3
What is the ten thousands digit of 22905?
2
What is the hundreds digit of 4732?
7
What is the ten thousands digit of 15487?
1
What is the hundreds digit of 175992?
9
What is the hundreds digit of 4135?
1
What is the units digit of 3880?
0
What is the units digit of 411?
1
What is the tens digit of 1762?
6
What is the tens digit of 3441?
4
What is the units digit of 1018?
8
What is the units digit of 54695?
5
What is the tens digit of 365?
6
What is the units digit of 2708?
8
What is the hundreds digit of 2650?
6
What is the units digit of 37014?
4
What is the thousands digit of 65055?
5
What is the hundreds digit of 703?
7
What is the hundreds digit of 5037?
0
What is the hundreds digit of 1397?
3
What is the thousands digit of 3575?
3
What is the ten thousands digit of 36807?
3
What is the hundreds digit of 97567?
5
What is the units digit of 100?
0
What is the ten thousands digit of 71164?
7
What is the hundreds digit of 2877?
8
What is the hundreds digit of 5845?
8
What is the units digit of 12675?
5
What is the tens digit of 2416?
1
What is the hundreds digit of 615?
6
What is the ten thousands digit of 41280?
4
What is the hundreds digit of 1295?
2
What is the thousands digit of 3063?
3
What is the units digit of 1806?
6
What is the hundreds digit of 4069?
0
What is the tens digit of 4043?
4
What is the thousands digit of 25255?
5
What is the tens digit of 1256?
5
What is the hundreds digit of 452?
4
What is the units digit of 587?
7
What is the units digit of 629?
9
What is the units digit of 54816?
6
What is the units digit of 2331?
1
What is the tens digit of 439?
3
What is the hundreds digit of 20084?
0
What is the tens digit of 8578?
7
What is the hundreds digit of 9440?
4
What is the tens digit of 1159?
5
What is the thousands digit of 14711?
4
What is the hundreds digit of 1144?
1
What is the tens digit of 236?
3
What is the units digit of 73950?
0
What is the thousands digit of 2586?
2
What is the hundreds digit of 453?
4
What is the tens digit of 7295?
9
What is the tens digit of 1945?
4
What is the hundreds digit of 82869?
8
What is 